6).
-38
Let g(t) = -269*t - 7979. Give g(-30).
91
Let o(h) = -h**3 - 36*h**2 - 71*h - 91. Determine o(-34).
11
Let l(f) = -74*f + 226. Calculate l(-6).
670
Let m(v) = v**2 + 36*v + 30. Calculate m(-20).
-290
Let c(v) = 2*v**2 + 43*v + 218. Calculate c(-12).
-10
Let p(u) = -u**3 - 13*u**2 + 78*u + 899. Calculate p(-14).
3
Let r(f) = 2*f**2 - 5*f + 96. Give r(6).
138
Let c(m) = 307*m + 2908. Calculate c(-10).
-162
Let b(n) = -n**3 - 8*n**2 + 173*n + 24. What is b(10)?
-46
Let h(p) = -p**2 - 217*p - 3744. Determine h(-19).
18
Let o(d) = d**2 - 2*d - 86. Calculate o(-8).
-6
Let p(x) = -32*x**2 + 54. What is p(-5)?
-746
Let o(b) = -54*b + 668. Calculate o(13).
-34
Let z(d) = -94*d**2 + 7*d - 12. Determine z(2).
-374
Let q(r) = 4*r**3 + 13*r**2 - 14*r + 1. What is q(1)?
4
Let j(z) = -z**3 + 72*z**2 - 3*z + 268. Calculate j(72).
52
Let j(v) = 2*v**2 + 55*v + 338. Give j(-9).
5
Let u(a) = 5*a**2 + 60*a + 254. Determine u(-5).
79
Let b(u) = 29*u - 250. Calculate b(9).
11
Let b(z) = z**3 - 42*z**2 - 36*z - 87. Determine b(43).
214
Let a(p) = 2*p**3 + 216*p**2 + 368*p + 39738. What is a(-108)?
-6
Let t(l) = -30*l**2 - 1194*l + 238. What is t(-40)?
-2
Let o(g) = g**3 - 84*g**2 + 57*g + 2165. What is o(83)?
7
Let x(f) = f**2 - 10*f + 3. What is x(3)?
-18
Let f(w) = -w**3 - 47*w**2 + 147*w - 106. Determine f(-50).
44
Let a(m) = m**3 + 5*m**2 + 3*m + 22. Calculate a(-5).
7
Let h(r) = -r**3 + 58*r**2 - 394*r - 59. What is h(8)?
-11
Let q(r) = r**2 + 513*r - 1030. Give q(2).
0
Let l(h) = h**2 + 9*h - 119. Calculate l(-17).
17
Let t(y) = -59*y + 234. Calculate t(4).
-2
Let h(b) = 640*b - 14048. What is h(22)?
32
Let k(q) = q**3 + 68*q**2 - 52*q + 1106. Determine k(-69).
-67
Let o(b) = -424*b - 852. Determine o(-2).
-4
Let k(f) = -5*f**2 - 20. Calculate k(-6).
-200
Let c(i) = -i**3 - 42*i**2 - 274*i - 82. Calculate c(-34).
-14
Let u(s) = s**3 + 10*s**2 + 3*s - 134. Calculate u(-9).
-80
Let x(t) = -t**3 - 6*t**2 + 179*t + 1274. What is x(-8)?
-30
Let a(b) = -182*b - 207. Calculate a(0).
-207
Let h(c) = -2*c**2 - 326*c - 3616. Give h(-12).
8
Let l(r) = 12*r**3 - 3*r**2 - 11*r - 9. What is l(-2)?
-95
Let u(n) = 92*n**3 - 14*n**2 - 12*n. Calculate u(-1).
-94
Let z(f) = -5*f**3 + 10*f**2 - 7*f + 12. Give z(6).
-750
Let c(n) = -30*n**2 + 266*n - 10. What is c(6)?
506
Let b(d) = 32*d + 1003. Determine b(-31).
11
Let j(v) = 2*v**3 - v**2 - 51*v + 223. What is j(5)?
193
Let q(r) = -4*r**3 - 130*r**2 - 62*r + 21. Determine q(-32).
-43
Let x(m) = -3720*m - 33489. What is x(-9)?
-9
Let t(z) = -z**3 + 18*z**2 - 96*z + 124. Calculate t(10).
-36
Let a(i) = 104*i + 3408. Determine a(-33).
-24
Let n(b) = b**2 - 52*b + 87. Give n(52).
87
Let y(a) = 2*a**2 + 37. Calculate y(-4).
69
Let x(v) = 5925*v + 71082. Calculate x(-12).
-18
Let h(i) = 32*i - 449. What is h(10)?
-129
Let u(j) = 48*j + 668. Give u(-16).
-100
Let p(r) = -r**3 - 14*r**2 - 17*r - 20. Give p(-13).
32
Let z(u) = -9*u + 79. What is z(-10)?
169
Let v(g) = 105*g - 11053. Give v(106).
77
Let l(a) = 8*a**2 + 95*a + 291. Determine l(-4).
39
Let x(p) = -44*p + 2751. Calculate x(57).
243
Let n(i) = i**3 + 25*i**2 + 70*i - 301. Determine n(-21).
-7
Let i(w) = 38*w**2 - 867*w - 152. What is i(23)?
9
Let c(d) = d**3 - 22*d**2 - 52*d + 571. Determine c(22).
-573
Let d(a) = -a**3 + 23*a**2 - 4*a + 16. Calculate d(23).
-76
Let k(f) = f**3 + 52*f**2 - 6*f - 278. Calculate k(-52).
34
Let k(y) = -y**3 + 8*y**2 + 17*y - 174. Determine k(7).
-6
Let r(s) = -150*s - 32. Calculate r(2).
-332
Let b(a) = -57*a**3 - 401*a**2 - 13*a + 29. Determine b(-7).
22
Let z(b) = b**3 + 6*b**2 - 3*b - 28. Give z(-5).
12
Let v(i) = 2*i**3 - 2*i**2 + 20*i + 15. Determine v(0).
15
Let l(m) = -32*m + 90. Determine l(-14).
538
Let b(c) = 46*c**2 + 220*c - 4. Determine b(-5).
46
Let i(d) = -3*d**3 + 6*d**2 - 34*d + 73. Calculate i(3).
-56
Let h(n) = -58*n - 1638. Determine h(-28).
-14
Let f(b) = 78*b - 934. Give f(12).
2
Let x(r) = r**3 + 7*r**2 + 17*r + 1. Give x(-5).
-34
Let f(b) = -3*b + 111. What is f(9)?
84
Let s(v) = v**2 + 10*v - 712. Give s(22).
-8
Let s(a) = -a**3 + 3*a**2 + 418*a - 2077. What is s(5)?
-37
Let f(o) = 408*o + 13877. What is f(-34)?
5
Let m(d) = -d**3 + d**2 - 352*d + 711. What is m(2)?
3
Let i(j) = j**3 - 44*j**2 + 116*j + 347. Calculate i(41).
60
Let f(w) = 89*w - 395. Determine f(8).
317
Let p(f) = -f**2 - 8*f - 24. Give p(-5).
-9
Let a(p) = -p**2 - 124*p - 712. Give a(-6).
-4
Let p(c) = 3*c**3 - 8*c**2 + 3*c - 36. What is p(4)?
40
Let o(b) = -3*b**2 + 340*b - 1365. Calculate o(4).
-53
Let m(o) = -4*o**2 + 19*o - 83. What is m(8)?
-187
Let t(g) = -g**2 - 4*g + 57. Give t(4).
25
Let c(i) = 22*i - 9. What is c(-1)?
-31
Let w(m) = 31*m + 1988. What is w(-62)?
66
Let o(p) = -2*p**2 + 66*p - 467. Calculate o(24).
-35
Let b(c) = 16*c + 347. What is b(-6)?
251
Let t(s) = -3*s**2 + 10004*s - 39962. What is t(4)?
6
Let k(u) = u**3 + 40*u**2 - 6*u - 212. Calculate k(-40).
28
Let h(t) = 29*t - 564. Determine h(19).
-13
Let y(n) = n**3 + 28*n**2 - 55*n + 138. Calculate y(-30).
-12
Let l(x) = x**3 - 43*x**2 + 2*x - 122. Determine l(43).
-36
Let v(j) = -30*j**2 - 266*j + 78. What is v(-9)?
42
Let d(n) = -12*n**3 + 199*n**2 + 40*n - 5. Give d(17).
-770
Let n(y) = y**3 - 5*y**2 + 7*y - 6. What is n(5)?
29
Let l(g) = -g**3 - 36*g**2 + 31*g - 228. Give l(-37).
-6
Let i(t) = -t**2 - 148*t + 629. Give i(4).
21
Let d(m) = -2870*m + 109066. Calculate d(38).
6
Let p(k) = -2*k**3 - 9*k**2 + 13*k - 45. Calculate p(-6).
-15
Let s(i) = -2*i**2 + 65*i + 670. Calculate s(40).
70
Let f(t) = -t**3 + 53*t**2 + 168*t + 4. What is f(56)?
4
Let c(z) = z**3 + 7*z**2 + 23*z + 189. Calculate c(-7).
28
Let h(c) = c**3 - 116*c**2 - 226*c - 1133. Determine h(118).
47
Let x(s) = -2*s**2 - 54*s + 146. What is x(-28)?
90
Let t(s) = s**2 + 65*s - 1915. What is t(22)?
-1
Let i(v) = 9*v**2 + 9*v + 40. What is i(-4)?
148
Let u(k) = 13*k - 305. Determine u(23).
-6
Let d(z) = -79*z + 13036. Calculate d(165).
1
Let t(r) = -115*r - 6220. Give t(-54).
-10
Let a(t) = -34*t - 476. What is a(-14)?
0
Let w(s) = -s**2 - 37*s - 66. Determine w(-19).
276
Let g(t) = -3*t**2 - 13*t + 28. Determine g(5).
-112
Let b(s) = 5*s**2 - 128*s + 48. What is b(25)?
-27
Let n(x) = -333*x + 6550. Calculate n(20).
-110
Let m(h) = h**3 + 109*h - 207. Give m(2).
19
Let m(i) = 677*i + 10141. Determine m(-15).
-14
Let m(z) = z**3 - 8*z**2 - 26*z + 280. Calculate m(9).
127
Let t(m) = 255*m**2 + 7*m + 5. Calculate t(-1).
253
Let g(d) = d - 153. Calculate g(-8).
-161
Let t(d) = 9*d - 310. Determine t(36).
14
Let f(k) = k**2 - 94*k - 594. Calculate f(-6).
6
Let b(u) = 26*u**2 - 2964*u - 5. What is b(114)?
-5
Let y(i) = 2*i**3 + 2*i**2 + i + 10. What is y(-5)?
-195
Let o(j) = -129*j - 6958. What is o(-54)?
8
Let k(f) = -157*f - 20249. Determine k(-129).
4
Let o(h) = -h**3 + 14*h**2 + 24*h - 91. Determine o(15).
44
Let x(p) = -1332*p - 5310. Determine x(-4).
18
Let z(i) = -i**2 + 41*i - 61. What is z(33)?
203
Let a(u) = u**2 - 162*u + 692. What is a(157)?
-93
Let m(r) = -1321*r - 10518. What is m(-8)?
50
Let y(w) = -10*w**3 + w**2 + 8*w - 12. Give y(3).
-249
Let h(f) = 3*f**2 + 1495*f + 1484. What is h(-1)?
-8
Let z(r) = 15*r**2 + 1165*r - 391. Give z(-78).
-1
Let k(w) = -w**2 + 24*w - 44. Determine k(21).
19
Let f(g) = -86*g + 6455. Calculate f(75).
5
Let x(l) = -l**2 + 25*l - 123. Calculate x(15).
27
Let x(c) = -618*c + 17306. Determine x(28).
2
Let m(s) = 63*s + 976. Calculate m(-12).
220
Let i(n) = -n**2 - 18*n + 165. What is i(7)?
-10
Let l(i) = 2*i**2 - 5*i - 3. What is l(-1)?
4
Let y(u) = 11813*u - 248061. Calculate y(21).
12
Let p(h) = -2*h**2 + 59*h - 129. Give p(27).
6
Let a(k) = -k**3 - 9*k**2 - 12*k - 110. Calculate a(-9).
-2
Let l(u) = 25*u - 418. Calculate l(15).
-43
Let a(n) = 335*n + 4960. Calculate a(-15).
-65
Let f(a) = -a**3 - 7*a**2 - 16*a - 24. Give f(-4).
-8
Let b(l) = -6*l**3 + 19*l - 18. Determine b(1).
-5
Let b(v) = -v**3 + 48*v**2 - 84*v - 369. Calculate b(46).
-1
Let d(p) = -2*p**2 - 47*p - 236. Determine d(-7).
-5
Let k(p) = -8*p**3 + 2*p**2 + 120*p - 121. Determine k(1).
-7
Let g(b) = b**3 + 8*b**2 + 16*b + 87. Give g(-6).
63
Let h(w) = -39*w + 1303. What is h(33)?
16
Let p(l) = -6*l**2 - 12*l - 1. Determine p(-3).
-19
Let a(r) = -r**2 - 128*r - 1192. Determine a(-116).
200
Let a(h